26 = -f*j. Let u(q) = -69*q + 3543. Let t be u(51). What is the greatest common factor of t and x?
12
Suppose -331*w = -77658 - 107702. Let x = 24 + -15. Suppose -2*q - w = -x*q. What is the highest common factor of q and 32?
16
Suppose -2 = -o, -402 = -3*v + o + 217. Suppose -22*u + 77 + 190 = -239. Calculate the greatest common factor of v and u.
23
Suppose -21*i = -14*i + 448. Let k = 87 + i. Calculate the highest common factor of k and 23.
23
Suppose -2*b + 8 = 4*s, -6*s = -2*b - 5*s + 28. Suppose -23*c - 12540 + 13920 = 0. Calculate the greatest common factor of b and c.
12
Let g = -4588 - -4587. Suppose 2*s - 630 = -3*s. Let u be g/((-135)/s - 8/(-14)). Calculate the greatest common factor of 18 and u.
2
Suppose -6*g + 36 = -2*g. Suppose g*j - j + 56 = 0. Let k be (j/3)/(14/(-84)). Calculate the highest common factor of k and 14.
14
Suppose -44*y - 3*z = -42*y - 3482, -1742 = -y - 2*z. What is the greatest common factor of 88 and y?
22
Let s = 36 - 31. Suppose -426 = -s*b + 4. Let h = -36 + b. What is the greatest common factor of 75 and h?
25
Suppose 4*g - 44724 = -2*h, 0 = 4*g + h - 25543 - 19177. What is the highest common divisor of 14 and g?
7
Let b(v) = 2*v. Let q be b(4). Let u be ((-4)/q)/((-1)/4). Let g = 640 - 638. Calculate the highest common divisor of u and g.
2
Suppose -22*g + d = -31*g + 1977, 455 = 2*g - 5*d. What is the greatest common factor of g and 32780?
220
Let z(r) = -r**2 - 93*r + 3914. Let p be z(30). Suppose -2*w + 254 = -2*f, 5*w - 2*w = -2*f + 386. Calculate the greatest common factor of p and w.
32
Let s = 2180 + -2168. Calculate the highest common factor of 102 and s.
6
Let g(c) = -2*c**3 + 13*c + 21. Let y be g(-2). Suppose 16*t = 3*w + y*t - 548, -5*w + 892 = -3*t. Calculate the highest common divisor of 11 and w.
11
Let p be (58/10 - 3) + 3/15. Let v be p - 9/(-1 + 4). Suppose -5*u + 70 = 2*t, -5*t + 3*t + 10 = v. Calculate the greatest common factor of 4 and u.
4
Suppose 15*l - 5709 = 831. Let o = l + -171. What is the highest common factor of 106 and o?
53
Let p(x) = -x + 16. Let m be p(10). Let g be (m + 9)*1*4. Suppose -440 = -27*l + 370. Calculate the highest common divisor of g and l.
30
Let p(w) = -451*w + 4865. Let z be p(9). Calculate the highest common divisor of 65 and z.
13
Let k(n) = -124*n**2 - 3*n + 63*n**2 - 2 + 63*n**2. Let h be k(-1). Let r(j) = j + 10. Let g be r(h). What is the greatest common divisor of g and 143?
13
Suppose 0 = z + 2*x - 27, -219*z = -224*z + 3*x + 174. What is the highest common factor of 2772 and z?
33
Suppose 1128 = 2*v + v - 5*q, 5*q + 1504 = 4*v. Let r = 2679 - 2632. What is the greatest common divisor of r and v?
47
Suppose -3*w + 22 + 17 = 0. Suppose -4*f - 2528*p + 2533*p + 423 = 0, 4*f + 4*p = 504. Calculate the greatest common divisor of w and f.
13
Let p(j) = 4*j - 6*j - 6*j + 13 - j**2 + 0*j**2. Let q be p(-7). Let n = 99 + -95. What is the greatest common factor of q and n?
4
Suppose 11*i - 298 = 274. What is the greatest common divisor of 455 and i?
13
Let d = -6588 - -11782. Calculate the highest common divisor of 848 and d.
106
Suppose -3112 = -181*z + 6481. Let v be 2/(-5) + 1596/15. What is the highest common divisor of v and z?
53
Suppose c = -4*m + 19, -2*m + 18 = 2*c + m. Suppose c*d = d + 48. Let j = -45 - -61. What is the highest common divisor of d and j?
8
Suppose 336 = 5*p + 2*l, -p + 8*l - 4*l = -98. Calculate the highest common divisor of 17885 and p.
35
Let j(f) = -f**2 - 14*f + 6. Let k be j(-10). Suppose k - 4 = 3*d. Suppose 141 = 8*p + 29. What is the highest common divisor of p and d?
14
Let r(j) = -2*j**2 - 2*j + 15. Let i be r(-5). Let z = i + 55. Suppose g + g - z = 0. Calculate the highest common divisor of g and 45.
15
Suppose -1886*u = -1923*u + 4144. Let h be (-726)/(-15) - (-4)/(-10). Calculate the highest common factor of h and u.
16
Suppose 3*s + 946 = h, 130*h - 129*h + 2*s = 916. What is the highest common factor of h and 128?
32
Let t be -9*(-30)/45*6. Calculate the greatest common divisor of t and 17532.
36
Let z = 566 + -412. Suppose 0 = -5*a + 249 + 101. What is the highest common factor of z and a?
14
Let p(c) = 2890*c - 6113. Let i be p(6). What is the highest common divisor of i and 545?
109
Let f(w) = 4*w**2 + 19*w + 36. Let a be f(-7). What is the greatest common divisor of 154 and a?
11
Suppose -28858 = -36*t - 16*t + 5*t. Calculate the greatest common divisor of 4 and t.
2
Let s = 22760 + -22570. What is the highest common factor of s and 1216?
38
Let d(x) = 648*x - 2912. Let s be d(5). Calculate the greatest common divisor of s and 20.
4
Let s(f) = -f**3 + 24*f**2 + 18*f + 39. Let b be s(25). Let u be ((-24)/16*1)/(3/b). Suppose -v = 3*v - 68. What is the highest common factor of v and u?
17
Let j be (8 + -10)*(-1 + 37/(-1)). Suppose 9 + 35 = -2*m. Let w = j + m. Calculate the greatest common divisor of 6 and w.
6
Let g = 24 + -12. Let w = 8024 + -7892. What is the highest common factor of w and g?
12
Suppose 0 = k - x + 150 + 203, -1057 = 3*k - 2*x. Let l be -4 + (-20)/6*k/65. What is the highest common factor of 154 and l?
14
Suppose 13675*y - 256 = 13659*y. Calculate the greatest common factor of y and 26032.
16
Suppose 2*p + 2*p - 8 = -5*g, 0 = 4*p + 3*g - 8. Suppose p*j = 3*n + 21, 0 = -5*j + 11*n - 13*n + 43. Calculate the highest common divisor of 531 and j.
9
Suppose 14*j = 27 + 29. Suppose 3*y - 554 = -2*v, 0 = -j*v - 4*y + 652 + 460. What is the greatest common divisor of v and 35?
35
Let x(t) be the first derivative of -t**3/3 + 4*t**2 - 11*t + 62. Let p be x(3). What is the greatest common divisor of p and 84?
4
Let x = -77 + 112. Suppose 5 = -5*r + 70. Let b = r + -8. Calculate the highest common factor of x and b.
5
Suppose 0 = -q - 2, -16*q = 2*l - 17*q + 642. Let u = -133 - l. Calculate the greatest common divisor of 42 and u.
21
Suppose 5*i = -3*u + 612, -2*u - 84*i + 414 = -80*i. What is the greatest common factor of 8001 and u?
63
Let h = 172 + -160. Let r(m) = 34*m - 51. Let s be r(h). What is the highest common factor of s and 7?
7
Let g = 270 + -382. Let s = 265 + g. What is the greatest common factor of s and 9?
9
Suppose -4*d + 44 = 4*c, 4*d = -5*c + 17 + 34. Let x be (-7 + 42/c)*-13. What is the greatest common factor of 143 and x?
13
Let b be (-50 + 1)/(-3 - 2) - 12/15. What is the greatest common divisor of 29691 and b?
9
Let w be 2/6*1/(5/180). Let z be ((-138)/(-8) - 2)/(3/w). Suppose -z*h = -60*h - 52. What is the highest common factor of h and 130?
26
Suppose 6585 + 4761 - 46458 = -114*a. Let k(w) = 232*w - 1. Let t be k(1). What is the greatest common factor of t and a?
77
Let w be (1/3)/(7/105) - -69. Calculate the greatest common divisor of w and 1073.
37
Let f be 1*8/(-56) + (-2112)/14. Let y = 39 - f. Calculate the highest common divisor of 10 and y.
10
Suppose 137*s - 4224 = -23*s - 16*s. What is the greatest common factor of s and 216?
24
Let v = 3854 - 3102. What is the highest common factor of 64 and v?
16
Let p be (-3)/60 + -12 + (-6123)/(-60). What is the greatest common divisor of p and 1485?
45
Let v(p) = -5*p**2 + 60*p + 5. Let s = -268 + 279. Let o be v(s). Calculate the highest common divisor of 15 and o.
15
Suppose -4*i + 2*d = -14, 2*i - 4*d - 12 = -2*i. Suppose -i*a = -299 - 181. Calculate the highest common divisor of 108 and a.
12
Let r(u) be the second derivative of -29*u**3/6 + 3*u**2/2 - 12*u - 77. Let c be 4/6*(-9)/6. Let t be r(c). What is the highest common factor of 8 and t?
8
Suppose 0 = -s + m + 641, 3*s + m + 471 = 2374. Suppose -241*d + 197545 = 184772. Calculate the greatest common divisor of d and s.
53
Let b be (-110)/(-2) + 1 + -1. Suppose -775 = -5*m + 5*a, 2*m - 81 = -5*a + 229. Let f = -150 + m. What is the highest common factor of b and f?
5
Suppose j = 2*y - 38, 32*j - 34*j = -y + 22. Let p = y + 138. Calculate the highest common divisor of p and 24.
12
Suppose 5*p - 3 - 12 = 0, 33 = 2*t + p. Suppose 5*w = t, 6*w + 93 = 3*a + w. What is the highest common divisor of 168 and a?
12
Let o(l) = 63*l**3 + 42*l**2 - 104*l - 3. Let p be o(3). What is the greatest common factor of 245 and p?
49
Let h(m) = 1495*m**2 + 499*m + 498. Let y be h(-1). What is the greatest common divisor of 2324 and y?
166
Let w(x) = x**2 + 43*x + 84. Let n be w(-41)